{"id":1287,"date":"2021-10-12T15:58:16","date_gmt":"2021-10-12T15:58:16","guid":{"rendered":"https:\/\/anahuacqro.edu.mx\/escuelaarquitectura\/?post_type=mec-events&#038;p=1287"},"modified":"2021-10-12T16:01:15","modified_gmt":"2021-10-12T16:01:15","slug":"conferencia-liturgia-y-arquitectura-fray-gabriel-de-la-mora","status":"publish","type":"mec-events","link":"https:\/\/anahuacqro.edu.mx\/escuelaarquitectura\/events\/conferencia-liturgia-y-arquitectura-fray-gabriel-de-la-mora\/","title":{"rendered":"Conferencia \u00abLiturgia y Arquitectura\u00bb Fray Gabriel De La Mora"},"content":{"rendered":"<p>No te pierdas la conferencia con el Arquitecto <strong>Fray Gabriel de la Mora<\/strong>, en la que conocer\u00e1s c\u00f3mo logr\u00f3 compaginar su vida de Fraile y la arquitectura, c\u00f3mo fue construyendo su filosof\u00eda en cuanto a la arquitectura y algunas de sus obras.<\/p>\n<p>\u00abFray Gabriel Ch\u00e1vez De La Mora, un hombre, fruto de su tiempo, iniciado como ingeniero civil, y hecho arquitecto. Monje benedictino con esp\u00edritu de dise\u00f1ador, artista y constructor(&#8230;) Lleno del Esp\u00edritu de Dios en sabidur\u00eda, inteligencia, conocimiento y toda clase de arte para elaborar dise\u00f1os\u00bb. (Excmo. Sr. Arzobispo Dr. D. Victor S\u00e1nchez Espinoza, 2020).<\/p>\n<p>&nbsp;<\/p>\n<p>Registro: <a href=\"https:\/\/webinar.anahuacqro.edu.mx\/liturgia-y-arquitectura\">Liturgia y Arquitectura (anahuacqro.edu.mx)<\/a><\/p>\n","protected":false},"excerpt":{"rendered":"<p>No te pierdas la conferencia con el Arquitecto Fray Gabriel de la Mora, en la que conocer\u00e1s c\u00f3mo logr\u00f3 compaginar [&hellip;]<\/p>\n","protected":false},"author":2,"featured_media":1288,"comment_status":"open","ping_status":"closed","template":"","tags":[47],"mec_category":[30],"class_list":["post-1287","mec-events","type-mec-events","status-publish","has-post-thumbnail","hentry","tag-conferencia-arquitectura-fraygabrieldelamora","mec_category-eventos"],"_links":{"self":[{"href":"https:\/\/anahuacqro.edu.mx\/escuelaarquitectura\/wp-json\/wp\/v2\/mec-events\/1287","targetHints":{"allow":["GET"]}}],"collection":[{"href":"https:\/\/anahuacqro.edu.mx\/escuelaarquitectura\/wp-json\/wp\/v2\/mec-events"}],"about":[{"href":"https:\/\/anahuacqro.edu.mx\/escuelaarquitectura\/wp-json\/wp\/v2\/types\/mec-events"}],"author":[{"embeddable":true,"href":"https:\/\/anahuacqro.edu.mx\/escuelaarquitectura\/wp-json\/wp\/v2\/users\/2"}],"replies":[{"embeddable":true,"href":"https:\/\/anahuacqro.edu.mx\/escuelaarquitectura\/wp-json\/wp\/v2\/comments?post=1287"}],"wp:featuredmedia":[{"embeddable":true,"href":"https:\/\/anahuacqro.edu.mx\/escuelaarquitectura\/wp-json\/wp\/v2\/media\/1288"}],"wp:attachment":[{"href":"https:\/\/anahuacqro.edu.mx\/escuelaarquitectura\/wp-json\/wp\/v2\/media?parent=1287"}],"wp:term":[{"taxonomy":"post_tag","embeddable":true,"href":"https:\/\/anahuacqro.edu.mx\/escuelaarquitectura\/wp-json\/wp\/v2\/tags?post=1287"},{"taxonomy":"mec_category","embeddable":true,"href":"https:\/\/anahuacqro.edu.mx\/escuelaarquitectura\/wp-json\/wp\/v2\/mec_category?post=1287"}],"curies":[{"name":"wp","href":"https:\/\/api.w.org\/{rel}","templated":true}]}}

<p>No te pierdas la conferencia con el Arquitecto <strong>Fray Gabriel de la Mora</strong>, en la que conocerás cómo logró compaginar su vida de Fraile y la arquitectura, cómo fue construyendo su filosofía en cuanto a la arquitectura y algunas de sus obras.</p>
<p>«Fray Gabriel Chávez De La Mora, un hombre, fruto de su tiempo, iniciado como ingeniero civil, y hecho arquitecto. Monje benedictino con espíritu de diseñador, artista y constructor(&#8230;) Lleno del Espíritu de Dios en sabiduría, inteligencia, conocimiento y toda clase de arte para elaborar diseños». (Excmo. Sr. Arzobispo Dr. D. Victor Sánchez Espinoza, 2020).</p>
<p>&nbsp;</p>
<p>Registro: <a href="https://webinar.anahuacqro.edu.mx/liturgia-y-arquitectura">Liturgia y Arquitectura (anahuacqro.edu.mx)</a></p>

<p>No te pierdas la conferencia con el Arquitecto Fray Gabriel de la Mora, en la que conocerás cómo logró compaginar [&hellip;]</p>
