{"id":1520,"date":"2023-07-25T00:46:58","date_gmt":"2023-07-24T19:46:58","guid":{"rendered":"https:\/\/anahuacqro.edu.mx\/escuelacomunicacion\/?page_id=1520"},"modified":"2023-07-27T00:35:38","modified_gmt":"2023-07-26T19:35:38","slug":"foro-de-tv-foto-fija-2","status":"publish","type":"page","link":"https:\/\/anahuacqro.edu.mx\/escuelacomunicacion\/foro-de-tv-foto-fija-2\/","title":{"rendered":"Foro de TV.  Foto fija"},"content":{"rendered":"<p>[vc_row][vc_column][vc_column_text]<span class=\"s4\">Para tener acceso a este Foro y hacer uso del equipo de video y fotograf\u00eda, ser\u00e1necesario que alumno y el profesor conozcan y atiendan los siguientes puntos del reglamento del Centro de Medios de la Escuela de Comunicaci\u00f3n y Direcci\u00f3n de Empresas de Entretenimiento.<\/span><\/p>\n<p>&nbsp;<\/p>\n<p><span class=\"s4\">I. Este espacio est\u00e1 destinado a la sana convivencia entre los alumnos de la Universidad aprovech\u00e1ndolo para clases y tiempo libre, en donde se ver\u00e1n resaltados los valores de respeto, compa\u00f1erismo y solidaridad.<\/span><\/p>\n<p><span class=\"s4\">II. Para hacer uso del Foro de TV y Foto Fija, es obligatorio para todos los alumnos y profesores solicitar el acceso en la oficina del Centro de Medios, presentando su credencial vigente de la Universidad An\u00e1huac Quer\u00e9taro. La identificaci\u00f3n es personal e intransferible.<\/span><\/p>\n<p><span class=\"s4\">III. El Foro deber\u00e1 ser reservado en Centro de Medios con debida anticipaci\u00f3n. El alumno tendr\u00e1 una tolerancia de diez minutos en relaci\u00f3n a su <\/span><span class=\"s4\">horario reservado, despu\u00e9s de este lapso se reasignar\u00e1 el espacio a quien as\u00ed lo requiera.<\/span><\/p>\n<p><span class=\"s4\">IV. En clase como en tiempo libre no se podr\u00e1 prolongar el tiempo asignado. El espacio deber\u00e1 ser desocupado cinco minutos antes de concluir eltiempo reservado.<\/span><\/p>\n<p><span class=\"s4\">V. El alumno es responsable de equipo de audio y video (consola, parcheo, cableado etc.) computo asignado, iluminaci\u00f3n y equipo de grabaci\u00f3n o toma fija, as\u00ed como el Broadcast Switcher Tricaster por lo qu\u00e9 si encuentra alg\u00fan desperfecto, deber\u00e1 reportar inmediatamente al Centro de <\/span><span class=\"s4\">Medios.<\/span><\/p>\n<p><span class=\"s4\">VI. En caso de da\u00f1o, descompostura del equipo de audio video, computo e iluminaci\u00f3n asignado imputable al alumno, \u00e9ste tendr\u00e1 la obligaci\u00f3n de cubrir la reparaci\u00f3n.<\/span><\/p>\n<p><span class=\"s4\">VII. Todo equipo de video, fotograf\u00eda o iluminaci\u00f3n continua y\/o destello, que sea para pr\u00e9stamo como dentro y fuera de las instalaciones de la Universidad deber\u00e1 ser previamente reservado en Centro de Medios, Llenando el formato de RESERVA &nbsp;el qu\u00e9 deber\u00e1 ser avalado por el supervisor de Centro de Medios. <\/span><\/p>\n<p><span class=\"s4\">VIII. El uso de la gr\u00faa dentro y fuera del foro solo ser\u00e1 mediante supervisi\u00f3n de Centro de Medios o en compa\u00f1\u00eda de el profesor asignado a larespectiva Clase.<\/span><\/p>\n<p><span class=\"s4\">IX. Al termino del periodo acad\u00e9mico se formatear\u00e1n los equipos de computo. <\/span><span class=\"s4\">Cada ocho d\u00edas se realizar\u00e1 la correspondiente limpieza de archivos que se encuentren en los mismos.<\/span><\/p>\n<p><span class=\"s4\">El Centro de Medios no es responsable de la informaci\u00f3n no <\/span><span class=\"s4\">respaldada dentro del periodo de clases.<\/span><\/p>\n<p><span class=\"s4\">X. Es responsabilidad de los alumnos dejar limpias y ordenadas las instalaciones. Se entiende por limpias y ordenadas: sillas acomodadas, las <\/span><span class=\"s4\">mesas y el suelo libres de basura y papeles, envases, etc.<\/span><\/p>\n<p><span class=\"s4\">XI. Es derecho de los alumnos recibir las instalaciones en las mismas condiciones. De no ser as\u00ed, reportar inmediatamente al Centro de Medios.<\/span><\/p>\n<p><span class=\"s4\">XII. Cualquier da\u00f1o que sufran las instalaciones por negligencia del alumno ser\u00e1 responsabilidad del mismo, oblig\u00e1ndolo a cubrir la reparaci\u00f3n y\/o reposici\u00f3n del mobiliario.<\/span><\/p>\n<p><span class=\"s4\">XIII. Queda estrictamente prohibido realizar cortes sobre las mesas de trabajo piso, usar pegamentos en aerosol, tocar las pantallas con los <\/span><span class=\"s4\">dedos, subir los pies a las sillas y mesas, pegar impresos en las paredes como en los equipos de computo.<\/span><\/p>\n<p><span class=\"s4\">XIV. Queda prohibido fumar, introducir bebidas alcoh\u00f3licas o estupefacientes. El alumno que sea sorprendido infligiendo esta regla ser\u00e1 remitido <\/span><span class=\"s4\">con las autoridades de la Universidad.<\/span><\/p>\n<p><span class=\"s4\">XV. Por seguridad queda estrictamente prohibido el acceso a la parrilla o paso de gato sin supervisi\u00f3n de Centro de Medios.<\/span><\/p>\n<p><span class=\"s4\">XVI. <\/span><span class=\"s4\">En el caso de los cicloramas m\u00f3viles en el Foro de Televisi\u00f3n y Fotograf\u00eda, y si se desenrollan hasta el suelo, para no pisarlos directamente se deber\u00e1n colocar obligatoriamente los acr\u00edlicos que se encuentran en ese lugar para tal fin. En caso de que los cicloramas tengan pisadas o se rompan, al alumno responsable del apartado del foro en ese momento deber\u00e1 repararlo o reponerlo, con los costos que se generen siendo cubiertos por el alumno, y no se le prestar\u00e1n equipo ni instalaciones durante dos meses en periodo semestral -no cuentan vacaciones<\/span><\/p>\n<p><span class=\"s4\">XVII. Queda estrictamente prohibido desconectar cualquier cable de conexi\u00f3n el\u00e9ctrica, datos, audio y video, esto con el objetivo de garantizar el <\/span><span class=\"s4\">adecuado funcionamiento de los equipos de computo.<\/span><\/p>\n<p><span class=\"s4\">XVIII. Queda prohibido a todos los usuarios, instalar de forma temporal o permanente cualquier aplicaci\u00f3n o software que no sea propiedad de la <\/span><span class=\"s4\">Universidad.<\/span><\/p>\n<p><span class=\"s4\">XIX. Se proh\u00edbe copiar aplicaciones. El hacerlo te convierte en un infractor de las leyes sobre derecho de autor.<\/span><\/p>\n<p><span class=\"s4\">XX. El equipo de computo y su respectivo software, as\u00ed como los equipos de video, y fotograf\u00eda dentro o fuera del \u201cForo de TV y Foto Fija\u201d son exclusivamente para uso acad\u00e9mico y no para uso personal o con fines lucrativos-comerciales.<\/span><\/p>\n<p><span class=\"s4\">XXI. Todo Prop, escenograf\u00eda o ambientaci\u00f3n que no se encuentre dentro del Foro de TV y Foto Fija, corre por cuenta de la producci\u00f3n de clase o alumnos, as\u00ed mismo <\/span><span class=\"s4\">estos elementos deber\u00e1n retirarse en su totalidad una vez finalizada la producci\u00f3n de video o toma fija.<\/span><\/p>\n<p><span class=\"s4\">XXII. <\/span><span class=\"s4\">El Centro de Medios apoyara en clase en cuestiones t\u00e9cnicas; Ser\u00e1 un requisito fundamental para el uso de las instalaciones, el conocimiento b\u00e1sico de los equipos. <\/span><\/p>\n<p><span class=\"s4\">Es responsabilidad del profesor dar la asesor\u00eda necesaria a sus alumnos, con el objetivo de desarrollar <\/span><span class=\"s4\">proyectos de calidad acad\u00e9mica.<\/span>[\/vc_column_text][\/vc_column][\/vc_row][vc_row][vc_column][vc_separator color=&#8221;orange&#8221;][\/vc_column][\/vc_row]<\/p>\n","protected":false},"excerpt":{"rendered":"<p>[vc_row][vc_column][vc_column_text]Para tener acceso a este Foro y hacer uso del equipo de video y fotograf\u00eda, ser\u00e1necesario que alumno y el profesor conozcan y atiendan los siguientes puntos del reglamento del Centro de Medios de la Escuela de Comunicaci\u00f3n y Direcci\u00f3n<\/p>\n","protected":false},"author":1,"featured_media":0,"parent":0,"menu_order":0,"comment_status":"closed","ping_status":"closed","template":"","meta":[],"_links":{"self":[{"href":"https:\/\/anahuacqro.edu.mx\/escuelacomunicacion\/wp-json\/wp\/v2\/pages\/1520"}],"collection":[{"href":"https:\/\/anahuacqro.edu.mx\/escuelacomunicacion\/wp-json\/wp\/v2\/pages"}],"about":[{"href":"https:\/\/anahuacqro.edu.mx\/escuelacomunicacion\/wp-json\/wp\/v2\/types\/page"}],"author":[{"embeddable":true,"href":"https:\/\/anahuacqro.edu.mx\/escuelacomunicacion\/wp-json\/wp\/v2\/users\/1"}],"replies":[{"embeddable":true,"href":"https:\/\/anahuacqro.edu.mx\/escuelacomunicacion\/wp-json\/wp\/v2\/comments?post=1520"}],"version-history":[{"count":4,"href":"https:\/\/anahuacqro.edu.mx\/escuelacomunicacion\/wp-json\/wp\/v2\/pages\/1520\/revisions"}],"predecessor-version":[{"id":1818,"href":"https:\/\/anahuacqro.edu.mx\/escuelacomunicacion\/wp-json\/wp\/v2\/pages\/1520\/revisions\/1818"}],"wp:attachment":[{"href":"https:\/\/anahuacqro.edu.mx\/escuelacomunicacion\/wp-json\/wp\/v2\/media?parent=1520"}],"curies":[{"name":"wp","href":"https:\/\/api.w.org\/{rel}","templated":true}]}}